tors of 647606.
2, 323803
What are the prime factors of 189283?
29, 61, 107
List the prime factors of 3288169.
3288169
List the prime factors of 27078879.
3, 131, 68903
List the prime factors of 2166166.
2, 1083083
List the prime factors of 494605.
5, 31, 3191
What are the prime factors of 835073?
97, 8609
What are the prime factors of 49560?
2, 3, 5, 7, 59
What are the prime factors of 1074879?
3, 13, 9187
List the prime factors of 230879.
11, 139, 151
What are the prime factors of 554908?
2, 138727
What are the prime factors of 2560735?
5, 512147
List the prime factors of 1369295.
5, 173, 1583
List the prime factors of 274890.
2, 3, 5, 7, 11, 17
List the prime factors of 186932.
2, 17, 2749
What are the prime factors of 613695?
3, 5, 163, 251
What are the prime factors of 1748839?
349, 5011
List the prime factors of 2361228.
2, 3, 196769
List the prime factors of 3902841.
3, 61, 7109
What are the prime factors of 1062424?
2, 11, 12073
What are the prime factors of 130156?
2, 13, 2503
List the prime factors of 97784.
2, 17, 719
What are the prime factors of 24890946?
2, 3, 307, 13513
List the prime factors of 563089.
139, 4051
List the prime factors of 111928.
2, 17, 823
List the prime factors of 666576.
2, 3, 1543
What are the prime factors of 934115?
5, 7, 13, 2053
List the prime factors of 241298.
2, 17, 47, 151
List the prime factors of 156801.
3, 52267
What are the prime factors of 241572?
2, 3, 41, 491
List the prime factors of 12541224.
2, 3, 29, 37, 487
What are the prime factors of 4429861?
4429861
List the prime factors of 217744.
2, 31, 439
What are the prime factors of 2625065?
5, 525013
What are the prime factors of 3006302?
2, 13, 43, 2689
List the prime factors of 2095985.
5, 19, 22063
What are the prime factors of 8326095?
3, 5, 555073
List the prime factors of 2695870.
2, 5, 71, 3797
List the prime factors of 132091.
31, 4261
What are the prime factors of 40078522?
2, 11, 29, 62819
List the prime factors of 11379774.
2, 3, 7, 29, 9343
What are the prime factors of 22216812?
2, 3, 1851401
List the prime factors of 248505.
3, 5, 16567
List the prime factors of 1402499.
7, 200357
List the prime factors of 6771.
3, 37, 61
List the prime factors of 241996.
2, 101, 599
List the prime factors of 660326.
2, 19, 17377
List the prime factors of 2486312.
2, 310789
List the prime factors of 398282.
2, 97, 2053
List the prime factors of 48531.
3, 7, 2311
List the prime factors of 95520.
2, 3, 5, 199
List the prime factors of 9380295.
3, 5, 149, 1399
List the prime factors of 7349.
7349
List the prime factors of 1514535.
3, 5, 11, 67, 137
List the prime factors of 690154.
2, 61, 5657
What are the prime factors of 981178?
2, 11, 103, 433
What are the prime factors of 15764254?
2, 11, 41, 17477
What are the prime factors of 858006?
2, 3, 15889
List the prime factors of 2228868.
2, 3, 101, 613
What are the prime factors of 19184347?
7, 13, 17, 12401
What are the prime factors of 312375?
3, 5, 7, 17
What are the prime factors of 7037717?
149, 317
What are the prime factors of 153984?
2, 3, 401
List the prime factors of 741982.
2, 17, 139, 157
List the prime factors of 3881668.
2, 7, 157, 883
What are the prime factors of 726644?
2, 59, 3079
List the prime factors of 2050749.
3, 23, 9907
List the prime factors of 161418.
2, 3, 26903
What are the prime factors of 527149?
7, 75307
List the prime factors of 5228974.
2, 2614487
List the prime factors of 1135559.
541, 2099
What are the prime factors of 6953563?
19, 59, 6203
What are the prime factors of 17812693?
31, 71, 8093
What are the prime factors of 26477845?
5, 5295569
List the prime factors of 356812.
2, 89203
List the prime factors of 5447396.
2, 1361849
List the prime factors of 166150.
2, 5, 3323
List the prime factors of 391399.
391399
List the prime factors of 476587.
476587
List the prime factors of 3283510.
2, 5, 101, 3251
What are the prime factors of 1265469?
3, 137, 3079
List the prime factors of 180277.
41, 4397
What are the prime factors of 350704?
2, 23, 953
List the prime factors of 63053.
17, 3709
List the prime factors of 22744.
2, 2843
List the prime factors of 10041632.
2, 113, 2777
What are the prime factors of 478025?
5, 19121
List the prime factors of 401429.
7, 57347
List the prime factors of 32937024.
2, 3, 17, 10091
What are the prime factors of 756469?
7, 53, 2039
What are the prime factors of 4337946?
2, 3, 240997
What are the prime factors of 2188?
2, 547
What are the prime factors of 631115?
5, 126223
What are the prime factors of 13294581?
3, 37, 119771
What are the prime factors of 240540?
2, 3, 5, 19, 211
What are the prime factors of 1133478?
2, 3, 62971
List the prime factors of 220362.
2, 3, 19, 1933
What are the prime factors of 13243128?
2, 3, 197, 2801
List the prime factors of 457759.
17, 26927
List the prime factors of 7769898.
2, 3, 19, 7573
What are the prime factors of 7891193?
67, 117779
What are the prime factors of 8315562?
2, 3, 397, 3491
What are the prime factors of 643449?
3, 214483
List the prime factors of 82335.
3, 5, 11, 499
List the prime factors of 2212598.
2, 229, 4831
List the prime factors of 15573.
3, 29, 179
List the prime factors of 69491.
69491
List the prime factors of 18695312.
2, 379, 3083
What are the prime factors of 4412024?
2, 551503
List the prime factors of 11659736.
2, 11, 37, 3581
List the prime factors of 966909.
3, 17, 18959
List the prime factors of 10706.
2, 53, 101
List the prime factors of 65172.
2, 3, 5431
What are the prime factors of 514587?
3, 171529
List the prime factors of 1348380.
2, 3, 5, 11, 227
What are the prime factors of 10264?
2, 1283
What are the prime factors of 5038876?
2, 19, 66301
List the prime factors of 150276.
2, 3, 7, 1789
List the prime factors of 1221708.
2, 3, 61, 1669
List the prime factors of 19602751.
7, 17, 164729
What are the prime factors of 4341492?
2, 3, 61, 659
What are the prime factors of 481137?
3, 19, 23, 367
What are the prime factors of 9186682?
2, 239, 19219
What are the prime factors of 2388858?
2, 3, 398143
What are the prime factors of 8187469?
8187469
List the prime factors of 2136005.
5, 83, 5147
What are the prime factors of 4596476?
2, 223, 5153
List the prime factors of 134552.
2, 11, 139
List the prime factors of 1089438.
2, 3, 7, 25939
What are the prime factors of 203029?
29, 7001
What are the prime factors of 199566?
2, 3, 11087
List the prime factors of 790064.
2, 11, 67
What are the prime factors of 2430894?
2, 3, 67, 6047
List the prime factors of 156679.
156679
List the prime factors of 3270875.
5, 137, 191
What are the prime factors of 10001264?
2, 7, 13, 6869
What are the prime factors of 7047716?
2, 13, 135533
What are the prime factors of 1231327?
17, 72431
What are the prime factors of 477151?
251, 1901
List the prime factors of 2638560.
2, 3, 5, 23, 239
List the prime factors of 560941.
560941
What are the prime factors of 3216992?
2, 229, 439
What are the prime factors of 15564567?
3, 47, 167, 661
List the prime factors of 453562.
2, 241, 941
List the prime factors of 142127.
311, 457
What are the prime factors of 297850?
2, 5, 7, 23, 37
What are the prime factors of 14766980?
2, 5, 738349
What are the prime factors of 11749514?
2, 7, 113, 1061
What are the prime factors of 12555130?
2, 5, 7, 67, 2677
List the prime factors of 670419.
3, 163, 457
List the prime factors of 519193.
519193
List the prime factors of 8371825.
5, 7, 11, 4349
What are the prime factors of 833402?
2, 29, 14369
List the prime factors of 4664868.
2, 3, 13, 17, 1759
List the prime factors of 2237757.
3, 239, 3121
List the prime factors of 124958.
2, 43, 1453
What are the prime factors of 5738731?
107, 53633
What are the prime factors of 2078551?
2078551
What are the prime factors of 21410513?
2459, 8707
List the prime factors of 4759323.
3, 197, 8053
List the prime factors of 211822.
2, 13, 8147
What are the prime factors of 618125?
5, 23, 43
What are the prime factors of 9034615?
5, 67, 149, 181
What are the prime factors of 1056391?
7, 21559
List the prime factors of 1230104.
2, 153763
List the prime factors of 1568613.
3, 522871
What are the prime factors of 31199551?
251, 124301
List the prime factors of 279207.
3, 383
What are the prime factors of 6007800?
2, 3, 5, 